ulate the remainder when p(l) is divided by (-117)/(-6) + (-7)/(14/3).
13
Let t be ((-55)/15 + 3)/(2/(-363)). Suppose -t = -2*g - 73. What is the remainder when 19 is divided by (g/14 - 2) + (-395)/(-35)?
8
Suppose 25*x - 24*x - 969 = -5*j, 3*x = j - 197. What is the remainder when j is divided by 25?
19
Let d be 6/(-4)*4200/126. Let r = d + 167. Calculate the remainder when r is divided by 40.
37
Suppose 231*a + 30*a = 6264. Let r(b) = 19*b - 9. Calculate the remainder when r(8) is divided by a.
23
Let z be 2505/12 + 2/8. Let q = z + -127. Let l(k) = -57*k + 726. What is the remainder when q is divided by l(12)?
40
Suppose 2*m + 32 - 84 = 2*r, 2*m - 58 = 5*r. What is the remainder when m is divided by 21?
3
Let p(n) = -1 + 2 + 4*n**2 - n**3 - 15*n - 13*n**2 + n**2. Let q be p(-5). Suppose 57 = 4*g + q. What is the remainder when 23 is divided by g?
9
Suppose 18*i - 4821 - 6393 = 0. Calculate the remainder when i is divided by 26.
25
Suppose -2*d + w - 15 = -6*d, -2*d = w - 5. Let q be (5/d)/((-3)/(-141)). Let u = q - -95. What is the remainder when u is divided by 16?
14
Let o(w) = -17*w + 99. Let s be o(6). What is the remainder when 257 is divided by 1/(0 - 1/s) + 49?
49
Let i = 13930 + -13925. Suppose 2*o - 127 = -3*r, -3*r + 42 = 4*o - 89. Calculate the remainder when r is divided by i.
1
Let b be 822/9*(-9)/(-6). Let m = b - 98. Calculate the remainder when m is divided by 16.
7
Let q = 2263 + -2255. What is the remainder when 2805 is divided by q?
5
Let c(o) = -o**3 - 33*o**2 + 189*o + 55. Calculate the remainder when c(-38) is divided by 15.
3
Let r(o) = 0*o**2 + 2*o**2 + 95 + 98 - 21*o - 3*o**2 - 178. Suppose -5*z - 76 = 14. What is the remainder when r(z) is divided by 35?
34
What is the remainder when (-103302)/(-42) + 3 + 90/(-35) is divided by 809?
33
Let c(r) be the second derivative of -2*r**3/3 + 57*r**2 + 76*r. What is the remainder when c(12) is divided by 34?
32
Suppose 3*y = -6, -p = 2*p + 4*y - 61. Let k = 28180 + -28123. Calculate the remainder when k is divided by p.
11
Suppose 0 = 3*b + n - 1409, 96*b - 100*b + 1844 = -3*n. Calculate the remainder when b is divided by 217.
33
Let x = -121 + 139. Calculate the remainder when (-17)/(-68) - 355/(-4) is divided by x.
17
Let j(w) = 6*w**2 + 112*w + 216. Let q be ((-70)/(-3))/(3/(-18)). Calculate the remainder when (-6)/9 + q/(-3) is divided by j(-2).
14
Let c = 6567 - 4465. Suppose -25*w + 5077 = c. Calculate the remainder when w is divided by 12.
11
Let j = 3789 - 3775. Calculate the remainder when 14124 is divided by j.
12
Let d = 7279 - 7178. Calculate the remainder when 7977 is divided by d.
99
Suppose -6*z + 135 = 4*t - 3*z, 0 = t - 5*z - 5. Let i = 796 - 777. Calculate the remainder when t is divided by i.
11
Let h = -130 + 169. Suppose 4*d = 6 + 14. What is the remainder when h is divided by d?
4
Let m(q) = 3*q**2 + 24*q. Let y be m(-8). Suppose y = -50*w + 14*w + 324. Calculate the remainder when w is divided by 6.
3
Let c(l) = -2*l**2 - 10*l - 9. Let m be c(-6). Let j be 2/(-9) - ((-2926)/(-99))/(-7). What is the remainder when (-594)/m + j/(-14) is divided by 8?
4
Let l = -22664 + 22674. Calculate the remainder when 2487 is divided by l.
7
Let n = 25065 + -24195. What is the remainder when 3509 is divided by n?
29
Let x = -142 + 61. Let o be (2/(-4))/(x/16 - -5). Suppose -2*f - 3*w = -o - 3, 3*f - 3*w + 6 = 0. What is the remainder when 1 is divided by f?
0
Let u = -11 + 18. Suppose -20 = 2*m - 4. Let k(b) = 2*b**2 + 6*b - 20. Calculate the remainder when k(m) is divided by u.
4
Suppose 4*x + 20 = 0, 4*t + 5*x = 3*t - 10. Suppose -t = -4*m + 29. What is the remainder when 19 is divided by m?
8
Suppose -23*p = -14*p - 2691. Let o = p - 267. What is the remainder when 254 is divided by o?
30
Let t(o) = 7*o - 82 - 4*o - 8*o + 2*o. Calculate the remainder when 35 is divided by t(-30).
3
Let x = -750 - -754. Suppose -12*z + 4800 = x*z. What is the remainder when z is divided by 102?
96
Let x(i) = -i + 2. Let j be x(2). Let y be -2*2*(-35)/35. Suppose -5*k + 0*k + 60 = -5*d, 5*k - y*d - 64 = j. Calculate the remainder when k is divided by 9.
7
Let z be ((-2)/4)/((-5)/(-3 - -673)). Let g = 159 - z. Suppose -g = 6*o - 386. What is the remainder when 145 is divided by o?
47
Let s(g) = 6*g**2 + 84*g + 271. What is the remainder when s(-19) is divided by 49?
8
Let b = -127 + 210. What is the remainder when 162 is divided by b?
79
Suppose -2273 = -7*f + 660. Let a = 587 - f. Suppose -2*v = 10 - a. What is the remainder when v is divided by 20?
19
Let i(m) = 1238*m + 69360. Suppose 3*c - 1008 = 309. Suppose -2*o + 4*g = 3*o - c, 5*o = -3*g + 432. Calculate the remainder when o is divided by i(-56).
23
Let z(q) = -q**3 - 8*q**2 - 8*q + 5. Let y be z(-7). Let d(w) = -7*w + 17 - 6*w + y*w. Calculate the remainder when d(-15) is divided by 11.
10
Let y be (3/9)/((-1)/(-8 - -11)). Let x(p) = -6*p - 3 - 1 - 1 + 57*p**2. Calculate the remainder when x(y) is divided by 20.
18
Suppose 2*x + 9 + 9 = 2*m, 2*m - 3*x - 20 = 0. Suppose 3*f - 17 = n, m = -3*n - f - 4. Calculate the remainder when (-520)/n + -3 - -4 is divided by 36.
33
Suppose -10*y - 10 = -12*y. Suppose -y*g = -g - 68. Let u = 58 - -9. What is the remainder when u is divided by g?
16
Suppose 4*z + 107 = 4*u + 15, 15 = -3*z. Calculate the remainder when 172 is divided by u.
10
Suppose 3*s - 4*o - 57 = 0, 3*s - 66 + 39 = -o. Calculate the remainder when 9778 is divided by s.
10
Let i(a) = -a**2 + 116 - 6*a + 10*a + a + 9*a. What is the remainder when 33 is divided by i(19)?
12
Let w(b) = -23 - 15*b + 6 + 2*b**2 - 3*b**2. Calculate the remainder when w(-13) is divided by (-130)/(-18) - (-12)/(-54).
2
Let q(t) = -68 + 4*t - 43 + 3 + 25. Calculate the remainder when 19 is divided by q(24).
6
Suppose 53*i = 60*i + 2492. Let d = i + 407. What is the remainder when 301 is divided by d?
46
Let s(x) = -x**3 + 27*x**2 + 233*x + 184. Let d = -5 + 14. Calculate the remainder when s(34) is divided by d.
5
Let j be (25/10)/(10/8). Let t = -764 - -794. What is the remainder when t is divided by ((-66)/12)/(j/(-4))?
8
Let w(r) = 159*r**2 + 3*r - 5. Let h be w(2). Let a = h - 418. Calculate the remainder when a is divided by 44.
43
Let c = 3375 + -3335. Calculate the remainder when 150 is divided by c.
30
Let c(u) = 3*u**3 - 67*u**2 + 190*u + 20. Let r be (-7 - -1)/(1/1). Let o(w) = -13*w. What is the remainder when o(r) is divided by c(19)?
18
Suppose -4*w + 1450 - 378 = -4*f, 5*w + 2*f - 1305 = 0. What is the remainder when 34450 is divided by w?
260
Let x be 9*(24/9 - 1). Suppose -2*m + 7*m + l - 31 = 0, -2*l - x = -m. What is the remainder when 14 is divided by (-1 + -4)*(m + -8)?
4
Let p(h) = -559*h + 3526. What is the remainder when p(6) is divided by 45*(1 + 0/2)?
37
Let q(a) = -a - 9. Let n be q(-9). What is the remainder when 72 - ((n/3)/(-3) + 2) is divided by 41?
29
What is the remainder when (-616 + -2)*((-1)/14 + 3/(-7)) is divided by 53?
44
Suppose 113 = 6*g + 71. Suppose d - 72 = -g*d. What is the remainder when 143 is divided by d?
8
Let x(n) = -12*n**3 - 4*n**2 - 5*n - 5. What is the remainder when 6458 is divided by x(-2)?
83
Let b be 51*((-17)/3 + 5). Calculate the remainder when 2/(-6)*-107*3 is divided by -10*(b/20 + 19/38).
11
Let g = 3434 - 3421. Calculate the remainder when 1452 is divided by g.
9
Let j(t) = t**3 + 6*t**2 + 3*t - 5. Let b(u) = -3*u**2 + 2*u + 1. Let k be b(-1). What is the remainder when (12 - 10)*(-638)/(-44) is divided by j(k)?
14
Let m(g) = -10*g - 38. Let h be m(-10). Suppose -h*d + 64*d = 142. What is the remainder when d is divided by 15?
11
Suppose -28*t + 8 = -27*t. Suppose 3*l - 25 = t. Suppose -4*r + 70 = -5*p, 5*r + 3*p - 108 = -p. Calculate the remainder when r is divided by l.
9
What is the remainder when 500 is divided by (-8)/72 - 4140/(-81)?
41
Suppose 0 = -2*m, -4*p + 3*m = 2 + 2. Let y be (-7)/p + 9/(-3). Suppose -86 = -y*v + 198. Calculate the remainder when v is divided by 18.
17
Calculate the remainder when 168 is divided by 162/21 + -8 - (-360)/35.
8
Let f(b) = 158*b**2 + 3*b - 2. Suppose -34 = -2*k + 46. What is the remainder when f(1) is divided by k?
39
Suppose -54 - 18 = z. Let v = z - -107. Suppose -5*o + 78 + 12 = 0. What is the remainder when v is divided by o?
17
Let 